(-12)?
-5
Let r = -2466 - -2479. Let x(a) = -a**3 + 14*a**2 - 14*a + 7. Determine x(r).
-6
Suppose 3 + 5 = -4*j. Let a(t) be the third derivative of -t**4/24 - t**3/3 - t**2 - 67. Calculate a(j).
0
Let f be (1*28/16)/((-3)/12). Let p(a) be the first derivative of -a**3/3 - 7*a**2/2 - 9*a - 1. What is p(f)?
-9
Let v(g) = -g**2 - 363*g - 3536. Let b be v(-10). Let i(f) = f**3 + 4*f**2 - 9*f - 1. What is i(b)?
-19
Suppose k - 8 = 2*b - 2, 2*k + 613*b - 614*b = 0. Let a(h) = 3*h + 4*h - 5*h - h**2 + 2. Calculate a(k).
-6
Let m be 38/12 - (-6851)/(-3162). Let v(c) = -8*c**3 - c**2 + 9*c - 9. What is v(m)?
-9
Let t(n) = 5*n - 449 + 206 + 15*n + 175. Calculate t(3).
-8
Let n(o) = -o**2 - 10*o - 8. Let b be n(-9). Let f be -6 + 3 + b/(-1). Let t(i) = -i**2 - 5*i + 9. Let a(r) = -3. Let k(h) = 2*a(h) + t(h). Calculate k(f).
7
Let m = -2304 + 2268. Let p(g) = g + 39. Give p(m).
3
Suppose -3*m - 2*o + 6 = -5, -4*m + 3*o = -26. Suppose 2*z - m = -11. Let i(v) = -v**3 - 2*v**2 + 3*v - 2. Determine i(z).
-2
Let p(r) be the first derivative of -9*r**2/2 + 208*r - 7005. What is p(21)?
19
Let r(t) = 4*t**3 - 41*t**2 - 4*t + 2. Let h(f) = -f**3 + 13*f**2 + f + 1. Let y(a) = -3*h(a) - r(a). Suppose -2*j - 4 = -3*j. What is y(j)?
-33
Let n(s) be the second derivative of 5*s**4/4 + 2*s. Let z = -131 + 131. Suppose 6 = -6*q - z. Give n(q).
15
Let f(u) = 0 + 91782*u + u**2 + 91781*u - 183568*u + 4. Calculate f(4).
0
Let q(f) = f**3 - 14*f**2 + 4*f - 8. Let t be q(14). Let k = 51 - t. Let x(v) = 2 + 8*v - 6*v - 3 - k*v. Determine x(-8).
7
Let t(a) be the second derivative of 2*a**3/3 + 21*a**2/2 + 28*a + 3. Determine t(-9).
-15
Suppose -3*s + 0 = -15. Let v be 1*(-1 - (1 + -5 - -3)). Let j(d) = -4*d**3 + v*d**3 - d + 4*d**2 + 1 - 7 + 3*d**3 + 8*d. Calculate j(s).
4
Let i be (-29)/2 - 7/(-14). Let r(l) = l**3 + 15*l**2 + 19*l + 62. What is r(i)?
-8
Suppose 9*w + 57 - 21 = 0. Let i be 12*(-2 - 14/w). Suppose 6*d + 0*d - i = 0. Let c(j) = j**2 - j + 3. Calculate c(d).
9
Let t(q) = q**3 + 19 + 73*q**2 + 6*q + 30*q**2 - 111*q**2. What is t(7)?
12
Let u(n) = n**2 + n - 33. Let p(r) = r**3 - 112*r**2 - 125*r + 1349. Let s be p(113). What is u(s)?
9
Let q(f) = f**3 + 19*f**2 + 36*f + 44. Let t be 374/(-22) + (-8 - -8). What is q(t)?
10
Suppose -79*u = 23 - 52 - 50. Let b(w) = 33*w**2 - 5*w + 5. Give b(u).
33
Let s(h) = -8*h**3 + 56*h**2 + 7*h + 10. Let b(d) = d**3 - 6*d**2 - d - 1. Let z(k) = -9*b(k) - s(k). Calculate z(0).
-1
Let z(s) = -s**2 + s**3 + 6*s**2 + 71 - 5*s - 6*s**2 - 76. Calculate z(-2).
-7
Let s(a) = 39*a - 19 - 77*a - 1 + 41*a. What is s(0)?
-20
Let n(k) = -7*k - 1. Let z = 164 - 262. Let b be (-8)/(-14) + 448/z. Determine n(b).
27
Let m(c) be the first derivative of -9*c**3 - 217*c**2/2 - 2*c + 5507. Give m(-8).
6
Let w(r) = -r**3 - 6*r**2 + 9*r + 3. Suppose -9*s + 28 = 5*s. Let n(x) = x**3 + 7*x**2 - 10*x - 4. Let j(d) = s*n(d) + 3*w(d). Give j(-5).
-9
Let m(v) = -v**3 + 8*v**2 + v - 1. Let r be -4 - (2 + -7 - (-10)/(-10)). Suppose -5*w + 45 = -5*h, r*w = -h + 128 - 113. Give m(w).
7
Let w(u) be the third derivative of -u**6/120 + u**5/5 + u**4/24 - 4*u**3/3 + 318*u**2 + 1. Calculate w(12).
4
Let s(y) = -3*y**2 - 20*y - 27. Let t(h) = h**2 - 32*h - 38. Let i be t(33). What is s(i)?
-2
Let u(t) = 37*t**2 + 3*t. Let f be u(-3). Let n = 320 - f. Let o(x) = 2*x**2 + 9*x - 2. What is o(n)?
-6
Let b(k) = -k**3 + 2*k**2 - k + 3. Suppose -2*a = 3*p - 0*p - 9, 5*a - 9 = -3*p. Suppose -p*n + 12 = -0*n. Let h be (1 + n + -6)/((-1)/3). Determine b(h).
-9
Let d(q) be the second derivative of -q**3/6 - 23*q**2/2 - 53*q - 3. What is d(-8)?
-15
Let h(c) = c**3 + 8*c**2 + 5*c + 21. Let k(a) = 11*a**2 - 137*a + 413. Let r be k(7). Determine h(r).
35
Suppose 0 = -10*j + 3*u + 101, -120*u + 124*u - 45 = -3*j. Let o(n) = -n**2 + 5*n + 46. Give o(j).
-20
Let c(a) = -5*a - 3. Let i(s) = 15*s - 32*s + 3 - 5 + 15*s. Let k(z) = -3*c(z) + 7*i(z). Give k(-4).
-9
Let c(s) = 5*s**3 - 33*s**2 + 39*s - 22. Let x = 645 + -643. Let k(q) = q**3 - 7*q**2 + 8*q - 4. Let w(p) = x*c(p) - 11*k(p). Give w(10).
0
Let o(w) = -6212*w**2 - 2 + 3*w + 6210*w**2 - 38*w**3 + w - 5*w - 3*w. Determine o(-1).
38
Let d(i) = 6*i**2 - 21*i**3 + 9*i**3 + 11*i**3 + 5 + 7*i. Let m be (9 - 5) + (-21)/(1 - 8). Determine d(m).
5
Let d(k) = 2*k + 2. Let p be (-4)/14 + (-150)/(-35). Suppose 0 = p*q - 10*q + 18. Suppose l = -4*i - 5 - 12, 0 = -q*i + 5*l + 16. Determine d(i).
-4
Let t(v) be the first derivative of -4*v**2 + 14*v + 1963. Give t(3).
-10
Let u = 447 - 441. Suppose 9*a + 78 = u. Let t(c) = c**2 + 12*c + 1. Give t(a).
-31
Suppose 50*c - 225 = 225. Let n(t) = 12*t**2 + 16*t - 4 + 4 + t**3 - 2*t**2 - c + 7*t**2. Calculate n(-16).
-9
Let u(k) = -6*k**2 + k + 2. Suppose -j = -2*y - 6*j + 107, 5*j = 3*y - 123. Let s = y + -91. Let b be 1/(-3) + 75/s. Determine u(b).
-24
Let s(z) = -z**3 + 10*z**2 - 8*z + 1. Let p = 225 + -226. Let w be 89/10 + (-8)/80*p. Give s(w).
10
Let d = 6 + -5. Let t(l) = -305170*l - 305165*l + 610336*l. Determine t(d).
1
Suppose -738 = d - y - 741, 4*y + 38 = -9*d. Let b(v) = -8*v - 10. Determine b(d).
6
Let s be (-92)/(-69) + (-8)/6. Suppose s = 5*n - 4*u - 20, -6 = -3*u + 9. Suppose -15*g = -n*g - 42. Let d(p) = -p**3 + 7*p**2 - 3*p - 7. What is d(g)?
11
Let o(n) = n**2 + 6*n + 1. Let b(l) = -l**2 - 6*l - 1. Let q(s) = 6*b(s) + 5*o(s). Let d be 140/(-25) - (-12)/(-30). Calculate q(d).
-1
Suppose -2*q + 51 = -25. Let g(w) = -q*w + 2 - 29*w + 64*w. Let n be (1260/(-24))/15 - (-6)/4. What is g(n)?
8
Let n = -167 - -164. Let o(b) = -2*b**2 - 3*b + 9. Let z be o(n). Let a(d) = 1 + 0*d - d - 5. What is a(z)?
-4
Let x(k) = -k**3 + 3*k**2 + 2*k - 3. Let a be x(3). Suppose a = -9*i - 15. Let b(j) = 5*j**3 - j + 2. Give b(i).
-36
Let c(v) be the second derivative of -11*v**4/24 - 5*v**3/3 + 287*v**2/2 - 6*v - 11. Let n(w) be the first derivative of c(w). What is n(-4)?
34
Let z(l) = -l**3 + 6*l**2 + 7*l + 6. Suppose -5*j + 3*j = -6. Let x be (-2 - -4)*(-2 + j). Suppose -15 = 5*f, 0 = -x*q - 4*f + 3*f + 11. What is z(q)?
6
Suppose -3*m - m = -16. Let i be 7 - (6/14 - 75/(-21)). Let w(v) = -5 + 3*v**2 + 22 - 17 - v**i. What is w(m)?
-16
Let w be 2 + 0/(3 - 0). Let i(u) = -u - 59 + 8*u + 63 - u**w. Calculate i(5).
14
Let a(c) be the third derivative of c**4/6 - 11*c**3/6 + 1102*c**2. Determine a(4).
5
Let b be 51/45 + 2 + 282/(-2115). Let g(f) = f**3 - f - 1. Let d(x) = 4*x**3 - 2*x**2 - 5*x - 4. Let s(i) = d(i) - 3*g(i). Calculate s(b).
2
Suppose -4*w = -f + 7, -6*w = 2*f - 3*w - 14. Let c(b) = -5*b**3 - 9*b - 3. Let m(t) = 4*t**3 - 2*t**2 + 8*t + 1. Let q(k) = -3*c(k) - 4*m(k). What is q(f)?
19
Let q(z) = 0*z + 8 - 3 - 2*z. Suppose -966 = 28*t - 35*t. Suppose t*s = 147*s - 36. Give q(s).
-3
Suppose 2*h + 44 = -5*w, h + 264*w - 265*w = -1. Let f(r) = -r**3 - 9*r**2 - 8*r - 7. What is f(h)?
-49
Let x(t) = t**2 - 8*t + 3. Let a(h) = -164*h - 4912. Let d be a(-30). Determine x(d).
3
Let t(q) = 3*q + 16. Let z(s) = 586*s**2 - 4*s - 1. Let f be z(-1). Let m = f + -595. What is t(m)?
-2
Let n(m) = 11*m - 29. Let c(i) = 9*i**2 - 28*i - 39. Let h be c(4). Determine n(h).
-106
Let h(o) = -3*o**2 - o + 3. Let d be 1 - -159 - ((-6)/(-3) + -1). Let u = 157 - d. Calculate h(u).
-7
Suppose -13*z = -14*z + 25. Let u(k) = z + 10*k - 12*k - 28. Give u(-2).
1
Let i(o) = 0*o**2 + 17*o - 145 + 21*o**2 - 161 + 265 - o**3 + 5*o. Give i(22).
-41
Let w = -484 - -487. Let b(t) = -2*t**2 + 24 + 2*t - 3*t**2 + 4*t**2 - 23 - w*t + t**3. Calculate b(2).
3
Let k(v) = -v**2 + 4*v - 1. Let s(p) = p**2 + 2*p - 13. Let m be s(-9). Suppose -28 = -y + 26. Let x = y - m. Determine k(x).
-1
Let j(k) = 52*k + 26. Let a(p) = 18*p + 9. Suppose -o - 2*h + 7 = -7*h, h = -5*o + 87. Let c(t) = o*a(t) - 6*j(t). Determine c(3).
-21
Let g(v) = v**3 - 4*v**2 + v - 1. Let l be 55 + -3 - ((3 - 1) + 0). Let d = l + -34. Let k be 36/d - (-1)/(-4). Determine g(k).
-7
Let r(q) = -5*q**2 - 7*q - 5. Let z(k) = 5*k**3 - 9*k**2 - 13*k + 21. Let n be z(2). Give r(n).
-3
Let s(n) = -96*n**2 + 2 - 90*n**2 + 284*n**2 + 4*n - 99*n**2. What is s(4)?
2
Let t(b) = 288*b - 12*b**3 - 16*b**3 - 10*b**2 - 289*b + 11*b**2. Calculate t(1).
-28
Let u be (5 - 11)/(-6)*1 + 10. Let p be 11 - (-10)/(-4)*(13 - u). Let m(g) = 7*g - 8. Determine m(p).
34
Suppose 5*s + 89 = 3